{"id":153,"date":"2019-02-01T16:11:29","date_gmt":"2019-02-01T15:11:29","guid":{"rendered":"http:\/\/klein-foto.com\/?page_id=153"},"modified":"2019-02-05T12:38:02","modified_gmt":"2019-02-05T11:38:02","slug":"153-2","status":"publish","type":"page","link":"https:\/\/klein-foto.com\/?page_id=153","title":{"rendered":"Kontakt"},"content":{"rendered":"<p>[et_pb_section bb_built=&#8220;1&#8243; _builder_version=&#8220;3.19.10&#8243; background_color=&#8220;rgba(0,0,0,0)&#8220; custom_padding=&#8220;54px|0px|2px|0px|false|false&#8220; next_background_color=&#8220;#ffffff&#8220;][et_pb_row _builder_version=&#8220;3.0.48&#8243; background_size=&#8220;initial&#8220; background_position=&#8220;top_left&#8220; background_repeat=&#8220;repeat&#8220;][et_pb_column type=&#8220;4_4&#8243;][et_pb_text _builder_version=&#8220;3.19.10&#8243; header_font_size=&#8220;5vw&#8220; header_font_size_tablet=&#8220;40px&#8220; header_font_size_phone=&#8220;30px&#8220; header_font_size_last_edited=&#8220;on|tablet&#8220;]<\/p>\n<h1 style=\"text-align: center;\">kontakt<\/h1>\n<p>[\/et_pb_text][\/et_pb_column][\/et_pb_row][\/et_pb_section][et_pb_section bb_built=&#8220;1&#8243; _builder_version=&#8220;3.0.47&#8243; prev_background_color=&#8220;rgba(0,0,0,0)&#8220;][et_pb_row _builder_version=&#8220;3.0.48&#8243; background_size=&#8220;initial&#8220; background_position=&#8220;top_left&#8220; background_repeat=&#8220;repeat&#8220;][et_pb_column type=&#8220;4_4&#8243;][et_pb_text _builder_version=&#8220;3.19.11&#8243;]<\/p>\n<p>stefan klein fotografie<\/p>\n<p>stefan klein<br \/>fangdieckstr. 77-79<br \/>22547 hamburg<\/p>\n<p><a href=\"tel:+4915111223344\">fon: +49 172 400 19 84<\/a><br \/>email: <a href=\"mailto:info@klein-foto.com\">info@klein-foto.com<\/a><\/p>\n<p>USt-Identnummer\/VAT-No.: DE 190521221<\/p>\n<p>copyright:<\/p>\n<p>Alle auf dieser Internetseite gezeigten Fotografien sind urheberrechtlich gesch\u00fctzt, ebenso das Layout der Homepage, die verwendeten Grafiken und Bilder, sowie die schriftlichen Inhalte. Die Vervielf\u00e4ltigung, Bearbeitung, Verbreitung und jede Art der Verwertung au\u00dferhalb der Grenzen des Urheberrechtes bed\u00fcrfen unserer schriftlichen Zustimmung.<\/p>\n<p>[\/et_pb_text][\/et_pb_column][\/et_pb_row][\/et_pb_section]<\/p>\n","protected":false},"excerpt":{"rendered":"<p>[et_pb_section bb_built=&#8220;1&#8243; _builder_version=&#8220;3.19.10&#8243; background_color=&#8220;rgba(0,0,0,0)&#8220; custom_padding=&#8220;54px|0px|2px|0px|false|false&#8220; next_background_color=&#8220;#ffffff&#8220;][et_pb_row _builder_version=&#8220;3.0.48&#8243; background_size=&#8220;initial&#8220; background_position=&#8220;top_left&#8220; background_repeat=&#8220;repeat&#8220;][et_pb_column type=&#8220;4_4&#8243;][et_pb_text _builder_version=&#8220;3.19.10&#8243; header_font_size=&#8220;5vw&#8220; header_font_size_tablet=&#8220;40px&#8220; header_font_size_phone=&#8220;30px&#8220; header_font_size_last_edited=&#8220;on|tablet&#8220;] kontakt [\/et_pb_text][\/et_pb_column][\/et_pb_row][\/et_pb_section][et_pb_section bb_built=&#8220;1&#8243; _builder_version=&#8220;3.0.47&#8243; prev_background_color=&#8220;rgba(0,0,0,0)&#8220;][et_pb_row _builder_version=&#8220;3.0.48&#8243; background_size=&#8220;initial&#8220; background_position=&#8220;top_left&#8220; background_repeat=&#8220;repeat&#8220;][et_pb_column type=&#8220;4_4&#8243;][et_pb_text _builder_version=&#8220;3.19.11&#8243;] stefan klein fotografie stefan kleinfangdieckstr. 77-7922547 hamburg fon: +49 172 400 19 84email: info@klein-foto.com USt-Identnummer\/VAT-No.: DE 190521221 copyright: Alle auf dieser Internetseite gezeigten Fotografien sind urheberrechtlich gesch\u00fctzt, ebenso [&hellip;]<\/p>\n","protected":false},"author":1,"featured_media":0,"parent":0,"menu_order":0,"comment_status":"closed","ping_status":"closed","template":"","meta":{"_et_pb_use_builder":"on","_et_pb_old_content":""},"_links":{"self":[{"href":"https:\/\/klein-foto.com\/index.php?rest_route=\/wp\/v2\/pages\/153"}],"collection":[{"href":"https:\/\/klein-foto.com\/index.php?rest_route=\/wp\/v2\/pages"}],"about":[{"href":"https:\/\/klein-foto.com\/index.php?rest_route=\/wp\/v2\/types\/page"}],"author":[{"embeddable":true,"href":"https:\/\/klein-foto.com\/index.php?rest_route=\/wp\/v2\/users\/1"}],"replies":[{"embeddable":true,"href":"https:\/\/klein-foto.com\/index.php?rest_route=%2Fwp%2Fv2%2Fcomments&post=153"}],"version-history":[{"count":8,"href":"https:\/\/klein-foto.com\/index.php?rest_route=\/wp\/v2\/pages\/153\/revisions"}],"predecessor-version":[{"id":313,"href":"https:\/\/klein-foto.com\/index.php?rest_route=\/wp\/v2\/pages\/153\/revisions\/313"}],"wp:attachment":[{"href":"https:\/\/klein-foto.com\/index.php?rest_route=%2Fwp%2Fv2%2Fmedia&parent=153"}],"curies":[{"name":"wp","href":"https:\/\/api.w.org\/{rel}","templated":true}]}}